ed by t?
9
Let a(k) = -k**2 + 10*k + 15. Let v(g) = -3*g - 13. Let x be v(-8). What is the remainder when 16 + -2 - -1 - 0 is divided by a(x)?
3
Suppose 16039 - 16449 = -2*t. What is the remainder when t is divided by 91?
23
Suppose 20*x = 13*x + 245. What is the remainder when 209 is divided by x?
34
Suppose -5*k = 5*m - 70, -2*k + 13 = -5*m + 104. What is the remainder when 110 is divided by m?
8
Suppose 68*t - 9337 = -2333. Calculate the remainder when t is divided by 13.
12
Suppose 3*s - 547 - 95 = 0. Let n = 340 - s. What is the remainder when (1/(-3))/((-7)/n) is divided by 4?
2
Let d(q) = q + 8. Let p be d(9). Suppose -5 = -4*j - p. Let u(w) = -12*w - 1. Calculate the remainder when u(j) is divided by 12.
11
Suppose 385*a - 381*a = r + 162, -4*r + 72 = 2*a. Calculate the remainder when 142 is divided by a.
22
Suppose -z + 39 = -0*z. Let c(w) = 3*w + 8. Let m be c(-2). Suppose m*a = 3*s - 34, -5*s + 5*a + 54 = 3*a. Calculate the remainder when z is divided by s.
9
Calculate the remainder when 191 is divided by 2/(231/56 + -4).
15
Suppose -60*f = -55*f + 395. Let i = -20 - f. Calculate the remainder when i is divided by 12.
11
Let a(j) = j**3 - 20*j**2 + j - 18. Let b be a(20). Suppose -39 = -b*u + 47. Calculate the remainder when 85 is divided by u.
42
Let l(o) = 2*o**2 + 7*o - 7. Let w be l(-5). Let h be (-4)/w - (-27)/6. What is the remainder when 13 is divided by (35/h)/(-5)*-4?
6
Let t = 29 - 35. What is the remainder when (-42)/4*4/t is divided by 3?
1
Let j(k) = 2*k + 33. Suppose 0 = 3*c + 15, -3*d - 6*c = -2*c + 2. What is the remainder when j(-8) is divided by d?
5
Let m = -231 - -369. Let d(y) = y**3 + 5*y**2 - 14. Let g be d(-4). Let n = 37 - g. What is the remainder when m is divided by n?
33
Suppose 0 = 4*b + a - 9, 0 = 5*b - 46*a + 42*a - 27. Calculate the remainder when 10 is divided by b.
1
What is the remainder when 149 is divided by -17 + 41 + 1/(2/(-10))?
16
Let p = -8 + 125. Calculate the remainder when 242 is divided by p.
8
Let f be (-2)/(-7) - (0 + 4/14). Calculate the remainder when 18/(-12)*(f/(-2) - 66) is divided by 25.
24
Let f = -95 + 102. Let v(j) = j**2 + j - 43. What is the remainder when 77 is divided by v(f)?
12
Suppose 189*i - 306 = 171*i. What is the remainder when 77 is divided by i?
9
Let r(f) = -17*f - 3. Let t(g) = -g**3 + 9*g**2 - 2*g + 13. Let p be t(9). Let o be r(p). Calculate the remainder when 4/12 + o/6 is divided by 4.
2
Suppose -5*h - 75 = -8*h + 3*w, -2*h = 4*w - 80. Calculate the remainder when 79 is divided by h.
19
Calculate the remainder when 91 is divided by 4290/135 + (-2)/(-9).
27
Suppose -84 = 17*c - 31*c. What is the remainder when 27 is divided by c?
3
Suppose p = 5*p - 12. Suppose p*q + 0*q - 198 = 0. Suppose -52 = -2*o - v - 5, 4*o + v - 93 = 0. What is the remainder when q is divided by o?
20
Let o = -204 - -352. Calculate the remainder when o is divided by 38.
34
Let v = -213 + 243. What is the remainder when 84 is divided by v?
24
Suppose -5*t - 15 = -5. What is the remainder when t/15 - (-27770)/150 is divided by 17?
15
Let z(w) = 8*w**3 - 2*w**2 + w + 3. Let d be z(3). Suppose -5*f = -d - 51. What is the remainder when f is divided by 26?
25
Suppose 2*w - 24 = -4. Let y(n) = n**2 - n + 18. Let o be 0/(2*(-2)/(-4)). What is the remainder when y(o) is divided by w?
8
Let q = 7 - 9. What is the remainder when 2*((-9)/q + 2) is divided by 7?
6
Let h be 200/(-12)*-6 + 0. Let z(n) = n**3 + 11*n**2 + 5*n - 9. Let t be z(-8). Let j = t - h. Calculate the remainder when j is divided by 15.
13
What is the remainder when (0 - 3) + (-11 - -253) is divided by 48?
47
Suppose -195 = -6*v - 15. Let b be 4 - (-1 + 5 + -2). Let q(r) = 2*r**3 - r**2 - 2*r + 3. What is the remainder when v is divided by q(b)?
8
Let a be -4 + 7 + 5 + -2. Let u(n) = 12*n - 52. Let v(g) = 2*g**3 - g**2 - 2*g - 1. Calculate the remainder when u(a) is divided by v(2).
6
Let x be 48/21 - (-2)/(-7). What is the remainder when -3 + x - (-1 - 2) is divided by 64/96*(1 - 4/(-2))?
0
Let r(u) = -u**2 - 24*u + 76. What is the remainder when 253 is divided by r(-26)?
13
Suppose -2*d = -0*d. Suppose 5*h = -d*f - f + 28, -2*f + 78 = -h. What is the remainder when f is divided by 10?
8
Suppose 5*p = 3*p + 4. Suppose -p*g = 2*g. Let h = 11 + g. Calculate the remainder when 30 is divided by h.
8
What is the remainder when (-56)/(-1 + 4 + -5) is divided by -3*(3 + 17/(-3))?
4
Let t = -79 - -507. Calculate the remainder when t is divided by 36.
32
Let k(y) be the third derivative of 0*y + 4*y**2 + 1/24*y**4 + 0 - 2/3*y**3. What is the remainder when 13 is divided by k(8)?
1
Let p(n) = n**3 - 40*n**2 + 24. Calculate the remainder when 478 is divided by p(40).
22
Let i = 23 - 14. Suppose i = k - 2. Calculate the remainder when 87 is divided by k.
10
Suppose 5*u = -2*u. Suppose 0 = -9*w + 4*w + d + 115, u = -d - 5. Calculate the remainder when (-6)/(-9) + 380/6 is divided by w.
20
Suppose 105 = -21*d + 18*d. What is the remainder when 33 is divided by 4/(-14) + (-605)/d?
16
Calculate the remainder when 48*(12/(-8) + 2) is divided by 15.
9
Let f(l) = -l**3 + 2*l + 25. What is the remainder when f(-6) is divided by 33?
31
Let z be (6/(-4))/(1/4). Suppose -5*v + 255 = -3*y, 5*v + 5*y - 363 = -68. Calculate the remainder when v is divided by z/(-3) + ((-4)/(-2) - -10).
12
Suppose -y - 28 = y. Let z = -7 - y. Suppose 3*j - 60 = -2*r, -6*r + r = -j + 3. What is the remainder when j is divided by z?
4
Let q be (-7 - -7)/(0 - -1). Suppose q = 2*b - b - 11. Let c(g) = 6*g - 5. Calculate the remainder when c(4) is divided by b.
8
Let m = 8 + -12. Let w be (-71)/(-5) - m/(-20). Let l = w - 12. What is the remainder when 2 is divided by l?
0
Calculate the remainder when 1424/24*(27/6 + -3) is divided by 15.
14
Let v(x) = x**3 + 8*x**2 + 9*x + 17. Calculate the remainder when v(-7) is divided by 2.
1
Let w be (3/3 - 5)/(-2). Suppose w = -b + 72. Suppose 4*t + b = 5*t. What is the remainder when t is divided by 18?
16
Let w be ((-1)/(-3))/(28/(-756)). Let r(p) = 2*p**2 - 5*p - 2. What is the remainder when r(4) is divided by -4 - (w + (-2 - -5 - 4))?
4
Let k be (-3)/12 - 172/16. Let t be (k/(-5))/(1/5). Suppose 4 = 3*h - t. Calculate the remainder when 22 is divided by h.
2
Let m be 1 - (-8 - -1*(0 - 3)). Suppose 8*v + 108 = m*v. What is the remainder when v is divided by 7?
6
Let j(z) = 11*z + 106. Calculate the remainder when 11 is divided by j(-9).
4
Suppose -294 = -2*w + 4*j, 4*w - 3*j = -w + 700. Calculate the remainder when w is divided by (376/40 - 9)*35.
11
Suppose -4*p - n = -21, 4*p + 5*n - 9 = -0. Calculate the remainder when p/(-4) - (-495)/6 is divided by 28.
25
Calculate the remainder when 98 is divided by (-80)/(-24) - 3 - 148/(-6).
23
Let j(g) = -g**3 - 6*g**2 + 6*g - 3. Let o be j(-7). Let u(c) = 3*c**2 + 4*c + 2. Suppose 14*t - 384 = -146. Calculate the remainder when u(o) is divided by t.
15
Let q(k) = 75*k - 1514. Let i(o) = -30*o + 1. What is the remainder when q(21) is divided by i(-1)?
30
Let z(x) = 154*x + 15. Let o be z(3). Suppose -2*u = -2*a + 6*a + 18, -5*a = 0. Calculate the remainder when (-6)/u*o/6 is divided by 14.
11
Let l = -82 - -129. Calculate the remainder when l is divided by 16.
15
Calculate the remainder when 300 is divided by -9 - -9 - -5 - (3 + -158).
140
Calculate the remainder when 64 is divided by 31 + (10 - -3) - 1*5.
25
Suppose -2*x + x + 243 = 5*s, 33 = s - 5*x. Calculate the remainder when s is divided by 17.
14
Let s(y) = -25*y + 2. Calculate the remainder when s(-3) is divided by 41.
36
Let l = 6 - -3. Let d(v) = -30*v - 32. Let j(x) = 10*x + 11. Let z(h) = -5*d(h) - 14*j(h). What is the remainder when z(2) is divided by l?
8
Let v be (-1)/2*1244/(-2). Suppose 2*m - 179 = -5*f, v = 2*m + m - f. Calculate the remainder when m is divided by 35.
32
Let q(b) = b**3 + 7*b**2 + 7*b - 1. Let g be q(-5). Let c = -8 + g. Let k(v) = v**2 - 2*v - 13. What is the remainder when 52 is divided by k(c)?
8
Let v(m) = 2*m**2 - 5*m + 4. Suppose o = -3*o. Suppose -k + u + 11 + 1 = o, 2*k = -5*u + 31. What is the remainder when k is divided by v(3)?
6
Suppose -2702 = -78*p + 28. Calculate the remainder when p is divided by 1/(34/(-18) - -2).
8
Let d(r) = 324*r + 2293. Calculate the remainder when d(-7) is divid